when 769971 is divided by 192329.
655
What is the remainder when 12028472 is divided by 414?
116
Calculate the remainder when 68119645 is divided by 248.
245
What is the remainder when 3223639 is divided by 812?
811
What is the remainder when 1603280 is divided by 222?
218
What is the remainder when 140420 is divided by 6458?
4802
What is the remainder when 5565034 is divided by 24091?
13
What is the remainder when 18368 is divided by 171?
71
What is the remainder when 217016 is divided by 70?
16
What is the remainder when 923488757 is divided by 852?
845
Calculate the remainder when 3966842 is divided by 3966829.
13
What is the remainder when 2920629 is divided by 58?
39
What is the remainder when 1136833 is divided by 1136545?
288
What is the remainder when 1396126 is divided by 6345?
226
What is the remainder when 1865002 is divided by 2918?
400
Calculate the remainder when 1258758 is divided by 420.
18
What is the remainder when 730445 is divided by 81148?
113
Calculate the remainder when 5240814 is divided by 3831.
6
Calculate the remainder when 908221 is divided by 181477.
836
Calculate the remainder when 442516 is divided by 1257.
52
Calculate the remainder when 2073327 is divided by 185.
32
What is the remainder when 31609 is divided by 3943?
65
What is the remainder when 20264 is divided by 2024?
24
What is the remainder when 55801 is divided by 1388?
281
Calculate the remainder when 1238129 is divided by 609.
32
Calculate the remainder when 6557513 is divided by 285108.
29
Calculate the remainder when 788777 is divided by 399.
353
What is the remainder when 213792 is divided by 357?
306
What is the remainder when 11027308 is divided by 186901?
149
What is the remainder when 58704 is divided by 1671?
219
Calculate the remainder when 236414219 is divided by 1455.
1454
Calculate the remainder when 52285 is divided by 460.
305
Calculate the remainder when 317140 is divided by 6.
4
What is the remainder when 636476 is divided by 23?
20
Calculate the remainder when 170638617 is divided by 2136.
2121
Calculate the remainder when 46672922 is divided by 566.
562
Calculate the remainder when 2805611 is divided by 8685.
356
What is the remainder when 3451863 is divided by 4179?
9
What is the remainder when 80865121 is divided by 17?
14
Calculate the remainder when 202532 is divided by 5621.
176
What is the remainder when 526193497 is divided by 2130338?
11
What is the remainder when 730062 is divided by 1452?
1158
What is the remainder when 387963 is divided by 168?
51
What is the remainder when 839732 is divided by 1361?
1356
What is the remainder when 4992703 is divided by 1902?
1855
What is the remainder when 1166787 is divided by 803?
28
Calculate the remainder when 1194097 is divided by 16.
1
Calculate the remainder when 2014310 is divided by 111906.
2
What is the remainder when 286520 is divided by 14?
10
Calculate the remainder when 2224293 is divided by 21.
15
What is the remainder when 7104415 is divided by 19?
11
Calculate the remainder when 10573955 is divided by 31.
10
Calculate the remainder when 385881 is divided by 3137.
30
What is the remainder when 14054764 is divided by 5414?
20
What is the remainder when 510281 is divided by 264?
233
What is the remainder when 129483 is divided by 74?
57
What is the remainder when 179975169 is divided by 52?
49
What is the remainder when 6124 is divided by 3037?
50
What is the remainder when 131052 is divided by 3049?
2994
Calculate the remainder when 182509 is divided by 1248.
301
Calculate the remainder when 3808534 is divided by 530.
484
What is the remainder when 369948 is divided by 92375?
448
What is the remainder when 75254 is divided by 10563?
1313
Calculate the remainder when 2278333023 is divided by 7712.
7711
What is the remainder when 2015 is divided by 694?
627
Calculate the remainder when 1926567 is divided by 4620.
27
Calculate the remainder when 279376 is divided by 766.
552
Calculate the remainder when 359056 is divided by 1082.
914
What is the remainder when 764252 is divided by 412?
404
What is the remainder when 315519 is divided by 1985?
1889
What is the remainder when 260173905 is divided by 1228?
1
What is the remainder when 1896369 is divided by 486?
483
What is the remainder when 78392 is divided by 25691?
1319
What is the remainder when 20347 is divided by 1275?
1222
What is the remainder when 14762824 is divided by 1789?
1785
Calculate the remainder when 71981414 is divided by 164.
10
What is the remainder when 5729738 is divided by 943?
70
Calculate the remainder when 495469 is divided by 1161.
883
What is the remainder when 957184 is divided by 814?
734
What is the remainder when 353727 is divided by 1734?
1725
Calculate the remainder when 95975004 is divided by 1810849.
7
Calculate the remainder when 9424226 is divided by 685.
681
What is the remainder when 1950473 is divided by 6634?
77
What is the remainder when 21824 is divided by 10589?
646
What is the remainder when 71036684 is divided by 81?
8
Calculate the remainder when 218888543 is divided by 56.
55
Calculate the remainder when 3589297 is divided by 326.
37
Calculate the remainder when 421519 is divided by 105158.
887
What is the remainder when 32666791 is divided by 119?
101
What is the remainder when 3316672 is divided by 1998?
1990
Calculate the remainder when 9006 is divided by 3119.
2768
What is the remainder when 173147 is divided by 57587?
386
What is the remainder when 4223847 is divided by 197?
167
Calculate the remainder when 390673 is divided by 79.
18
What is the remainder when 142662258 is divided by 47554086?
0
What is the remainder when 2094901 is divided by 7?
4
What is the remainder when 12797060 is divided by 748?
276
Calculate the remainder when 374385 is divided by 186629.
1127
Calculate the remainder when 5620629 is divided by 4592.
21
Calculate the remainder when 153151 is divided by 3242.
777
Calculate the remainder when 14379641 is divided by 21.
17
Calculate the remainder when 16232 is divided by 5153.
773
What is the remainder when 169090 is divided by 5?
0
Calculate the remainder when 177703 is divided by 223.
195
What is the remainder when 1226044 is divided by 3917?
23
Calculate the remainder when 321809 is divided by 18922.
135
Calculate the remainder when 792342 is divided by 131643.
2484
What is the remainder when 37844965 is divided by 1484?
1481
Calculate the remainder when 132894 is divided by 25952.
3134
What is the remainder when 2807939 is divided by 350977?
123
What is the remainder when 4790031 is divided by 82585?
101
What is the remainder when 14571706 is divided by 903?
898
Calculate the remainder when 81984 is divided by 27269.
177
What is the remainder when 3021627 is divided by 604325?
2
Calculate the remainder when 52488594 is divided by 343.
333
What is the remainder when 12972967 is divided by 159?
157
Calculate the remainder when 1511613 is divided by 13495.
173
Calculate the remainder when 9754257 is divided by 1625708.
9
What is the remainder when 12796255 is divided by 1527?
1522
What is the remainder when 10099846 is divided by 1442834?
8
What is the remainder when 2870695 is divided by 1669?
15
What is the remainder when 98394479 is divided by 627?
623
What is the remainder when 5071402 is divided by 3751?
50
What is the remainder when 10561 is divided by 477?
67
Calculate the remainder when 27164658 is divided by 1107.
1092
What is the remainder when 157227 is divided by 212?
135
What is the remainder when 70558294 is divided by 7004?
7002
What is the remainder when 856946 is divided by 150?
146
Calculate the remainder when 133252218 is divided by 14805801.
9
Calculate the remainder when 460848 is divided by 2369.
1262
Calculate the remainder when 1264113477 is divided by 1624.
1621
What is the remainder when 387573548 is divided by 7953?
7952
What is the remainder when 158314 is divided by 13192?
10
What is the remainder when 4812328 is divided by 26?
14
What is the remainder when 5059607 is divided by 2361?
2345
Calculate the remainder when 119960 is divided by 29984.
24
What is the remainder when 220127130 is divided by 188?
186
Calculate the remainder when 38392820 is divided by 431380.
0
Calculate the remainder when 307774 is divided by 20